00311?
2300244
In base 2, what is 11111001011011001 - -100000?
11111001011111001
In base 11, what is -1a3 + 582?
38a
In base 7, what is -2300 - -2133?
-134
In base 7, what is -6423 - 53?
-6506
In base 13, what is -13 - -63209?
631c6
In base 10, what is -61 + -832?
-893
In base 8, what is -421 + -63?
-504
In base 8, what is 1007 - 15732?
-14723
In base 5, what is 13313 + -310?
13003
In base 9, what is -207 + 1260?
1052
In base 7, what is 1 - 5454262?
-5454261
In base 16, what is 5c - -18e?
1ea
In base 5, what is -10042314 + -1?
-10042320
In base 7, what is 2002526 + -5?
2002521
In base 4, what is 130113 + -11?
130102
In base 13, what is 4 + -4b5ac?
-4b5a8
In base 10, what is -16 - 36467?
-36483
In base 3, what is 11 - 21021020112?
-21021020101
In base 11, what is -160615 - 0?
-160615
In base 16, what is 1e9 + -1cb?
1e
In base 9, what is -4460 + -111?
-4571
In base 8, what is 2 + 113463?
113465
In base 4, what is 321311 - 1?
321310
In base 8, what is 557 - 140?
417
In base 4, what is -1213022202 - -10?
-1213022132
In base 7, what is -21 + -2152?
-2203
In base 7, what is -1115341 - 10?
-1115351
In base 8, what is 0 + -745331?
-745331
In base 9, what is 6 + -2286?
-2280
In base 10, what is -61 + 146?
85
In base 3, what is 10221 - -12221002?
20002000
In base 16, what is -18605 - -c?
-185f9
In base 6, what is 5243515 - -10?
5243525
In base 8, what is -1373777 - 0?
-1373777
In base 6, what is 214044 - 2?
214042
In base 11, what is -879 + -105?
-983
In base 3, what is 2 - -101211121?
101211200
In base 15, what is -74 + -159d?
-1622
In base 13, what is 649bb - 3?
649b8
In base 15, what is -121d - -a?
-1213
In base 7, what is -4 + 31136?
31132
In base 16, what is 5 + bf601?
bf606
In base 7, what is -21 - -46636?
46615
In base 9, what is 34 + 2804?
2838
In base 15, what is 9a + -73b?
-691
In base 3, what is 201 - -122100012?
122100220
In base 6, what is -250 - 535014?
-535304
In base 8, what is -4517 + 4?
-4513
In base 9, what is 2 - 43125?
-43123
In base 8, what is 136210 + 3?
136213
In base 15, what is 1744c + 3?
17450
In base 13, what is -4 - 3b56?
-3b5a
In base 6, what is 10105124 - 2?
10105122
In base 10, what is -2 - 23445?
-23447
In base 13, what is -24 + -659?
-680
In base 11, what is -3 + -184145?
-184148
In base 2, what is -1000011010110101 + 11000?
-1000011010011101
In base 10, what is 4 + 58573?
58577
In base 7, what is -356165 - 0?
-356165
In base 7, what is -25 - 3206?
-3234
In base 14, what is -4 - 2c8d?
-2c93
In base 2, what is -100 - -110100110000?
110100101100
In base 4, what is -11302 - 1112?
-13020
In base 11, what is -1 + -18712?
-18713
In base 14, what is -ab9 - -b1?
-a08
In base 7, what is 213306 - 5?
213301
In base 16, what is -16 - -a51?
a3b
In base 7, what is 2 + 34645?
34650
In base 13, what is -27157 + 5?
-27152
In base 13, what is 128 - -1013?
113b
In base 11, what is 1 - -3797?
3798
In base 2, what is 111110 + -10101101?
-1101111
In base 14, what is -6c6 - -59?
-66b
In base 8, what is -25 + 4511?
4464
In base 10, what is -32 - -6204?
6172
In base 14, what is 1 - 2a271?
-2a270
In base 5, what is -200 + -3111?
-3311
In base 5, what is 4434043 + 34?
4434132
In base 15, what is -b5d3 + 3?
-b5d0
In base 11, what is 270731 + 1?
270732
In base 10, what is 25 + 8130?
8155
In base 7, what is -4 + 6255?
6251
In base 9, what is -2675 + -33?
-2718
In base 12, what is 425 + 592?
9b7
In base 6, what is 4 - 1?
3
In base 5, what is -101403 - -1124?
-100224
In base 10, what is 314057 - -4?
314061
In base 7, what is 2 + 63134?
63136
In base 5, what is 10434 + 41002?
101441
In base 7, what is 3 + 1332103?
1332106
In base 11, what is 7341 + -80?
7271
In base 6, what is 324 + -1220?
-452
In base 3, what is 1 - -110100111?
110100112
In base 6, what is 335132 + -52?
335040
In base 13, what is -86 + 3a95?
3a0c
In base 12, what is -4 - 36?
-3a
In base 2, what is -1100000100 - 1000100001010?
-1010000001110
In base 14, what is -1c208 - 3?
-1c20b
In base 7, what is -13412 + -114?
-13526
In base 12, what is -18 - -29619?
29601
In base 11, what is 1 + -577478?
-577477
In base 16, what is d - 2?
b
In base 9, what is -22755 + -403?
-23258
In base 8, what is -253 + -30?
-303
In base 13, what is -266 - -244?
-22
In base 11, what is 2 + 20379?
20380
In base 9, what is 1410 - -1220?
2630
In base 11, what is 5 - -279360?
279365
In base 16, what is -83adfc + -1?
-83adfd
In base 12, what is -13b780 + 3?
-13b779
In base 11, what is -11 - -2193?
2182
In base 7, what is 121 + -1555?
-1434
In base 13, what is 6 - 335a3?
-3359a
In base 14, what is -1d9cc + 0?
-1d9cc
In base 11, what is -3055a45 - -3?
-3055a42
In base 3, what is 2011 + 10102021000?
10102100011
In base 4, what is -20120 - 1032?
-21212
In base 16, what is 8defb + -1?
8defa
In base 16, what is 1e9f + -19?
1e86
In base 5, what is -10 + -331?
-341
In base 10, what is 0 + -57611?
-57611
In base 16, what is 5 + -4a01?
-49fc
In base 7, what is 0 - 40201?
-40201
In base 15, what is 5 + -14ca4?
-14c9e
In base 9, what is 56 - 16147?
-16081
In base 10, what is -10579 + -242?
-10821
In base 3, what is -111102 - 21000?
-202102
In base 10, what is -25 - -11132?
11107
In base 7, what is 632 + 10?
642
In base 14, what is -2 - 264272?
-264274
In base 7, what is -2304061 + 3?
-2304055
In base 6, what is 113423 - -30?
113453
In base 8, what is -47 + 1454?
1405
In base 7, what is -113501554 + -3?
-113501560
In base 12, what is 9638 + 5?
9641
In base 12, what is -1391 + 11?
-1380
In base 4, what is -2 + 1323322?
1323320
In base 9, what is -4228 - 42?
-4271
In base 13, what is -2c6 + 40b?
115
In base 16, what is -e05 + -6?
-e0b
In base 7, what is 41 - 5606?
-5535
In base 12, what is ab2 + 4b9?
13ab
In base 8, what is 1 + -21702?
-21701
In base 13, what is a2 + -ca6?
-c04
In base 8, what is -5 - 2032711?
-2032716
In base 12, what is -1b81 - 21?
-1ba2
In base 15, what is 50 + 808?
858
In base 7, what is 25166 + 2?
25201
In base 4, what is 3 - -22302?
22311
In base 14, what is 28 - -253?
27b
In base 3, what is -100201220102 - -12?
-100201220020
In base 2, what is 10100110 - 11011001?
-110011
In base 11, what is 21a64 - 3?
21a61
In base 3, what is -22011011102002 + 0?
-22011011102002
In base 2, what is 11 - -10001000110101110?
10001000110110001
In base 7, what is 356166 - 1?
356165
In base 12, what is 21 + 675?
696
In base 4, what is -321 - -12212?
11231
In base 14, what is -312 + -1638?
-194a
In base 2, what is 11011100010110110 - 1?
11011100010110101
In base 5, what is 20 + -223231?
-223211
In base 8, what is 35 - 165751?
-165714
In base 14, what is 90 - -925?
9b5
In base 10, what is 26802 - 135?
26667
In base 8, what is -10711 - -304?
-10405
In base 9, what is 1 + -1404504?
-1404503
In base 14, what is 1a - -d677?
d693
In base 4, what is -12123 + -2003021?
-2021210
In base 15, what is -2 + -44d09?
-44d0b
In base 9, what is -208 - 1153?
-1362
In base 10, what is 3665 + 5?
3670
In base 6, what is -10025 + 15?
-10010
In base 10, what is -3 + 61439?
61436
In base 8, what is -21 - -254203?
254162
In base 7, what is 0 - 210505?
-210505
In base 13, what is -17b - -1730?
1582
In base 13, what is 3306 + a?
3313
In base 14, what is -41 - 9c?
-dd
In base 9, what is -5 + -14837?
-14843
In base 10, what is -11423 - 152?
-11575
In base 7, what is -4 - -103255?
103251
In base 14, what is 0 + 1600b?
1600b
In base 4, what is -122310 - -201?
-122103
In base 7, what is -1 + 643561?
643560
In base 10, what is -3 + 38861?
38858
In base 8, what is -504 - -3?
-501
In base 3, what is 11 + -10010122221?
-10010122210
In base 11, what is 18037 - -16?
18052
In base 10, what is 4 - -42686?
42690
In base 9, what is 5 - -110700?
110705
In base 4, what is 0 + 3203021?
3203021
In base 6, what is 3104 + 3005?
10113
In base 7, what is -1626 + -132?
-2061
In base 9, what is -14607 + -121?
-14728
In base 8, what is 1 - 3073541?
-3073540
In base 8, what is 31 + -652632?
-652601
In base 10, what is 0 + 169989?
169989
In base 13, what is c159 + 7?
c163
In base 16, what is -5 - -aae4?
aadf
In base 2, what is 1110100000111110 - 10?
1110100000111100
In base 3, what is -121 + 1222212102?
1222211211
In base 12, what is -10a70 - -6?
-10a66
In base 4, what is 11 + -1021201?
-1021130
In base 2, what is -100110111110001111 - -10101?
-100110111101111010
In base 4, what 